
-1980
In base 15, what is bc62 + 5?
bc67
In base 7, what is 3 - -1133226?
1133232
In base 4, what is -3211 + 10030022?
10020211
In base 6, what is -5111 - 4502?
-14013
In base 7, what is -203553 + -51?
-203634
In base 12, what is 0 - 944?
-944
In base 6, what is 2 + -20524222?
-20524220
In base 15, what is 938 + -13e?
7e9
In base 6, what is 2354105 - 0?
2354105
In base 7, what is -1 - -526615?
526614
In base 7, what is 44426 + 5?
44434
In base 15, what is 4d1 + -122?
3ae
In base 14, what is 1c38 + 35?
1c6d
In base 11, what is 1129 - -6a?
1198
In base 16, what is -5 - 32349?
-3234e
In base 9, what is 218250 - -4?
218254
In base 15, what is -c - -b9?
ac
In base 6, what is 1253202 - -5?
1253211
In base 14, what is -2 - -172a?
1728
In base 16, what is -369 - -3?
-366
In base 15, what is c0 - 141?
-71
In base 13, what is -1 - 11a6?
-11a7
In base 9, what is -278613 + -3?
-278616
In base 11, what is 9919 + -2?
9917
In base 3, what is -101000000 - 20?
-101000020
In base 5, what is -201230 - 220?
-202000
In base 13, what is c - 11a30?
-11a21
In base 7, what is 23656645 - 0?
23656645
In base 10, what is -3 - -11013?
11010
In base 6, what is -125 - -513?
344
In base 4, what is 103022332 + 11?
103023003
In base 10, what is 629 + 157?
786
In base 8, what is -4 + 1212057?
1212053
In base 13, what is 11885c - 6?
118856
In base 7, what is 43164 - 5?
43156
In base 2, what is -1001010 + 101000111?
11111101
In base 5, what is 14 + -11414401?
-11414332
In base 9, what is -4 + 33606?
33602
In base 9, what is -3125 + 1554?
-1461
In base 12, what is -a4 - 3a8?
-490
In base 7, what is 3 + -511156?
-511153
In base 15, what is 5 + -81b7?
-81b2
In base 14, what is -2 - da96?
-da98
In base 10, what is 1701 - -302?
2003
In base 5, what is 12 + 22434421?
22434433
In base 5, what is 304 - 31210?
-30401
In base 10, what is 1213 - -1022?
2235
In base 15, what is 342 - -54?
396
In base 16, what is 11a - -1e?
138
In base 3, what is -121011111 + 12?
-121011022
In base 8, what is -4 - -2335621?
2335615
In base 15, what is -6eb1a0 + -4?
-6eb1a4
In base 12, what is -763b + 11?
-762a
In base 15, what is 91 - 6?
8a
In base 9, what is -2037 + 1?
-2036
In base 12, what is 2219 - -8?
2225
In base 5, what is 111 - 403331?
-403220
In base 12, what is 211 - -b52?
1163
In base 15, what is d - 2c69?
-2c5b
In base 3, what is 21020 - 212?
20101
In base 3, what is 1101202100 + -200?
1101201200
In base 8, what is 3007 - -74?
3103
In base 10, what is -2 - 2823?
-2825
In base 12, what is 1 - 12528?
-12527
In base 10, what is 718724 + 2?
718726
In base 4, what is 122110311 - 10?
122110301
In base 13, what is -6 + -2672?
-2678
In base 16, what is -ad - 2e5?
-392
In base 3, what is 111011120 + -1001?
111010112
In base 11, what is -1 + -1271a?
-12720
In base 6, what is 2 - -2104545?
2104551
In base 7, what is -11103 - -20?
-11053
In base 2, what is 10101 - -11011000?
11101101
In base 6, what is 2 - -2430230?
2430232
In base 8, what is 1255 + -135?
1120
In base 2, what is 101001000100 + -1000001?
101000000011
In base 9, what is -15 + 70434?
70418
In base 9, what is -37 - 281?
-328
In base 8, what is 5 + -360073?
-360066
In base 12, what is -2b + -7a98?
-7b07
In base 15, what is 6c + -1749?
-16cc
In base 7, what is -3 - -5125?
5122
In base 7, what is 566 - 32010?
-31111
In base 5, what is 122 - 22233?
-22111
In base 11, what is -4487 - -71?
-4416
In base 16, what is 3d7 + 5ab?
982
In base 16, what is -c2e6 - 3?
-c2e9
In base 9, what is 12764 + 162?
13036
In base 10, what is -4793 + -6?
-4799
In base 12, what is -7607 - 59?
-7664
In base 8, what is -117 - -12155?
12036
In base 14, what is -193 + 980?
7cb
In base 10, what is 317 - -117?
434
In base 4, what is 320 + 10021?
11001
In base 2, what is -11100 - -101101100001100?
101101011110000
In base 15, what is -12a + 9?
-121
In base 15, what is -49617a + 4?
-496176
In base 14, what is -5 - -b0a1?
b09a
In base 4, what is -13 + -1210332101?
-1210332120
In base 8, what is -4 - 1603271?
-1603275
In base 5, what is 0 - 132021201?
-132021201
In base 8, what is 5 - -131135?
131142
In base 5, what is 14 - -14201?
14220
In base 15, what is -1eb + da?
-111
In base 4, what is -132223 + 1030?
-131133
In base 5, what is 13300044 + 4?
13300103
In base 12, what is 4981 - -6?
4987
In base 6, what is -42 + 11122?
11040
In base 3, what is 1202012111 - 100?
1202012011
In base 16, what is 1f + -d31?
-d12
In base 7, what is 156352 - -146?
156531
In base 4, what is 1 + -12203211?
-12203210
In base 3, what is -222 - 222210?
-1000202
In base 6, what is 4 - -13011011?
13011015
In base 4, what is -32023 - 13101?
-111130
In base 4, what is 121111330 - 12?
121111312
In base 10, what is 4 + -481351?
-481347
In base 3, what is -1220002002 + 10?
-1220001222
In base 15, what is -4 + 5347?
5343
In base 9, what is -4 + 52172?
52167
In base 16, what is 69f22 + -5?
69f1d
In base 10, what is 13218 - 17?
13201
In base 9, what is -53867 - 3?
-53871
In base 8, what is 125256 + -15?
125241
In base 8, what is 667310 - -4?
667314
In base 10, what is -351 - -61?
-290
In base 15, what is -513 + 1a9?
-359
In base 8, what is 20441 - -607?
21250
In base 12, what is -35997 - 13?
-359aa
In base 10, what is -51 - -1477?
1426
In base 15, what is a4 + -9c7?
-923
In base 3, what is 0 + 122012210?
122012210
In base 15, what is d6b5 - 3?
d6b2
In base 13, what is -167 - 9?
-173
In base 16, what is -94 + e85?
df1
In base 6, what is 1 - -52551?
52552
In base 12, what is -46096b - 3?
-460972
In base 12, what is -2a3 + -ba?
-3a1
In base 14, what is 1441 - -44?
1485
In base 8, what is 202 + -22621?
-22417
In base 8, what is -1275312 - -1?
-1275311
In base 10, what is -5 + -78958?
-78963
In base 5, what is 31 - -1301311?
1301342
In base 11, what is 1272 - -1379?
2640
In base 11, what is 22 - 826a6?
-82684
In base 12, what is 3 - -5542?
5545
In base 7, what is -152050 - -6?
-152041
In base 9, what is 0 - 1202670?
-1202670
In base 5, what is 423 + -1224134?
-1223211
In base 14, what is 4d0 - -101?
5d1
In base 7, what is 3 - -161143?
161146
In base 12, what is 2 + -44826?
-44824
In base 5, what is -21313 + 213?
-21100
In base 2, what is 1100 - -1110111101111?
1110111111011
In base 6, what is 4 + 13432225?
13432233
In base 10, what is 4 - -2511?
2515
In base 11, what is -107 + -100?
-207
In base 2, what is 0 - -1100110010101001?
1100110010101001
In base 7, what is -30262 + 51?
-30211
In base 9, what is -23002 + -34?
-23036
In base 2, what is 11111001100 + -100101011?
11010100001
In base 9, what is -6 - -73555?
73548
In base 13, what is 40 - c25a?
-c21a
In base 5, what is -433 - -4424?
3441
In base 8, what is -15267 - 324?
-15613
In base 9, what is 5 + -67338?
-67333
In base 16, what is 11413 + -4?
1140f
In base 8, what is 75 + 4034?
4131
In base 4, what is 3110030121 + -11?
3110030110
In base 13, what is 12 + 2017?
2029
In base 8, what is 21 + 12435?
12456
In base 10, what is -37875 + -28?
-37903
In base 2, what is -10110000100 - -1101111?
-10100010101
In base 7, what is -24 + -104135?
-104162
In base 3, what is -221221100 - 0?
-221221100
In base 6, what is 355 + 441?
1240
In base 8, what is 45464 + -4?
45460
In base 8, what is 2325 + 243?
2570
In base 16, what is -2b1 + -49?
-2fa
In base 3, what is 1 + 1121210201?
1121210202
In base 15, what is 61e - 269?
3a5
In base 10, what is -94398 - 3?
-94401
In base 7, what is 2 + -205066?
-205064
In base 11, what is -35 - 1051?
-1086
In base 4, what is -1210003032 - 0?
-1210003032
In base 13, what is 4c47 - -17?
4c61
In base 6, what is -1220 - -15500?
14240
In base 9, what is -870345 + -2?
-870347
In base 7, what is 143500 - -11?
143511
In base 12, what is -a7 + 293?
1a8
In base 5, what is 123200 + -3?
123142
In base 9, what is 36 - 1362?
-1325
In base 7, what is -21 - 1155653?
-1156004
In base 4, what is -1131010 - 10?
-1131020
In base 7, what is -111 - -25424?
25313
In base 15, what is 14b3 - -5b?
151e
In base 3, what is -101102221 + 101?
-101102120
In base 16, what is -efa7 + -2?
-efa9
In base 14, what is -2c14 + -8?
-2c1c
In base 3, what is -1002110011 - 11220?
-1002122001
In base 5, what is -10 + -1411030?
-1411040
In base 10, what is -9941 - -525?
-9416
In base 11, what is -3 - 701?
-704
In base 3, what is -1011112201 + 102?
-1011112022
In base 13, what is -b + -2c973?
